{"id":2693,"date":"2025-11-19T17:34:36","date_gmt":"2025-11-19T20:34:36","guid":{"rendered":"https:\/\/fechabene.com.br\/?post_type=product&#038;p=2693"},"modified":"2025-11-20T14:09:59","modified_gmt":"2025-11-20T17:09:59","slug":"mola-aerea-hidraulica-soprano-a-700-706-ate-120-kg","status":"publish","type":"product","link":"https:\/\/fechabene.com.br\/?product=mola-aerea-hidraulica-soprano-a-700-706-ate-120-kg","title":{"rendered":"Mola a\u00e9rea hidr\u00e1ulica Soprano A 700 \/ 706 at\u00e9 120 kg"},"content":{"rendered":"<ul>\n<li>Usada em portas externas e internas de escrit\u00f3rios e edif\u00edcios comerciais e residenciais, atuando como dispositivo de fechamento.<\/li>\n<li>A mola a\u00e9rea Soprano A706 \u00e9 um dispositivo de porta para fechamento suave evitando que portas batam de maneira indesejada ou manter a porta na posi\u00e7\u00e3o desejada.<\/li>\n<li>Pode ser instalado em portas com abertura para direita ou para esquerda e possui regulagem de fechamento de 140\u00ba a 15\u00ba e de 15\u00ba a 0\u00ba por v\u00e1lvulas independentes.<\/li>\n<li>Verifique as especifica\u00e7\u00f5es t\u00e9cnicas do produto com aten\u00e7\u00e3o antes de realizar sua compra.<\/li>\n<li>Leia o manual do produto antes de utiliz\u00e1-lo.<\/li>\n<li>Recomendamos, se poss\u00edvel que o produto seja instalado por um profissional.<\/li>\n<\/ul>\n","protected":false},"excerpt":{"rendered":"<div class=\"ui-pdp-container__row ui-pdp-container__row--highlighted-features-title\">\n<h2 class=\"ui-vpp-text-alignment--left ui-pdp-color--BLACK ui-pdp-size--XSMALL ui-pdp-family--SEMIBOLD highlighted-features-title\">O que voc\u00ea precisa saber sobre este produto<\/h2>\n<\/div>\n<div class=\"ui-pdp-container__row ui-pdp-container__row--highlighted-features\">\n<div class=\"ui-vpp-highlighted-specs__features\">\n<ul>\n<li>Para portas: dimens\u00f5es de at\u00e9 2100 x 1000mm (210 x 100cm) e peso de 40Kg a 120Kg.<\/li>\n<li>\u00a0O ajuste de for\u00e7a deve ser feito na pr\u00f3pria mola durante a instala\u00e7\u00e3o de acordo com a porta.<\/li>\n<li>N\u00c3O pode ser instalada em portas de vidro.<\/li>\n<li>Funcionamento mec\u00e2nico hidr\u00e1ulico.<\/li>\n<li>Dispositivo de porta para fechamento suave (evita batidas).<\/li>\n<li>Utiliza\u00e7\u00e3o revers\u00edvel, podendo ser instaladas em portas internas ou externas, com abertura \u00e0 direita ou \u00e0 esquerda.<\/li>\n<li>Regulagem de fechamento de 140\u00ba a 15\u00ba e de 15\u00ba a 0\u00ba por v\u00e1lvulas independentes.<\/li>\n<li>Mola for\u00e7a 3 (F3) a for\u00e7a 6 (F6).<\/li>\n<li>Bra\u00e7o refor\u00e7ado e ajust\u00e1vel conforme a necessidade de instala\u00e7\u00e3o.<\/li>\n<li>Bra\u00e7o refor\u00e7ado e com dupla regulagem por rosca que permite o ajuste da mola a\u00e9rea sem a necessidade de remover o produto do local de instala\u00e7\u00e3o (diferencial Soprano)<\/li>\n<li>\u00cdndice de prote\u00e7\u00e3o: IP64 (totalmente protegido de poeira e resistente a respingos d&#8217;\u00e1gua).<\/li>\n<li>F\u00e1cil instala\u00e7\u00e3o e regulagem.<\/li>\n<li>N\u00c3O pode ser instalada diretamente em portas de vidro (suporte vendido separadamente).<\/li>\n<li>N\u00e3o segura a porta aberta, apenas suaviza seu fechamento<\/li>\n<li>Materiais: a\u00e7o refor\u00e7ado SAE 1010\/1020, alum\u00ednio e pol\u00edmero.<\/li>\n<li>Dimens\u00f5es da embalagem: 24.5 x 8.2 x 8cm.<\/li>\n<li>Peso aproximado: 3.5KG<\/li>\n<li>Cor: prata brilho.<\/li>\n<li>S\u00e9rie: A706 Universal.<\/li>\n<\/ul>\n<\/div>\n<\/div>\n","protected":false},"featured_media":2700,"comment_status":"open","ping_status":"closed","template":"","meta":[],"product_brand":[78],"product_cat":[62],"product_tag":[],"class_list":{"0":"post-2693","1":"product","2":"type-product","3":"status-publish","4":"has-post-thumbnail","6":"product_brand-soprano","7":"product_cat-molas-hidraulicas","9":"first","10":"instock","11":"purchasable","12":"product-type-simple"},"_links":{"self":[{"href":"https:\/\/fechabene.com.br\/index.php?rest_route=\/wp\/v2\/product\/2693","targetHints":{"allow":["GET"]}}],"collection":[{"href":"https:\/\/fechabene.com.br\/index.php?rest_route=\/wp\/v2\/product"}],"about":[{"href":"https:\/\/fechabene.com.br\/index.php?rest_route=\/wp\/v2\/types\/product"}],"replies":[{"embeddable":true,"href":"https:\/\/fechabene.com.br\/index.php?rest_route=%2Fwp%2Fv2%2Fcomments&post=2693"}],"wp:featuredmedia":[{"embeddable":true,"href":"https:\/\/fechabene.com.br\/index.php?rest_route=\/wp\/v2\/media\/2700"}],"wp:attachment":[{"href":"https:\/\/fechabene.com.br\/index.php?rest_route=%2Fwp%2Fv2%2Fmedia&parent=2693"}],"wp:term":[{"taxonomy":"product_brand","embeddable":true,"href":"https:\/\/fechabene.com.br\/index.php?rest_route=%2Fwp%2Fv2%2Fproduct_brand&post=2693"},{"taxonomy":"product_cat","embeddable":true,"href":"https:\/\/fechabene.com.br\/index.php?rest_route=%2Fwp%2Fv2%2Fproduct_cat&post=2693"},{"taxonomy":"product_tag","embeddable":true,"href":"https:\/\/fechabene.com.br\/index.php?rest_route=%2Fwp%2Fv2%2Fproduct_tag&post=2693"}],"curies":[{"name":"wp","href":"https:\/\/api.w.org\/{rel}","templated":true}]}}